e remainder when d is divided by 17?
15
Let y = -660 + 755. Calculate the remainder when 280 is divided by y.
90
Suppose -5*p + 4 = -9*p. Calculate the remainder when 2*(74/(-4))/(p/3) is divided by 28.
27
Let i = -616 - -717. What is the remainder when i is divided by 34?
33
Let y be 15/(-10) + -1*(-1)/(-2). Calculate the remainder when 42 + 1 - (0 - 0) is divided by 8/(8/y) + 0 + 13.
10
Let m be 2/(1 - 15/9). What is the remainder when ((-2)/m)/((-3)/(-54)) is divided by 4/(32/38) - 8/(-32)?
2
Suppose 3*b + 5*d = 3*d + 224, 0 = -5*b - 3*d + 372. Let u = b - 53. Calculate the remainder when 73 is divided by u.
16
Suppose -12*y + 15 + 273 = 0. Suppose -i = -71 - 25. Suppose 5*m - 219 = -2*s, 2*s = 2*m - 0*s - i. What is the remainder when m is divided by y?
21
What is the remainder when (-6)/9*(372/(-8) + -6) is divided by 16?
3
Let l(z) = z**3 + 9*z**2 + 16*z - 2. Let d = 5 + -11. What is the remainder when 27 is divided by l(d)?
7
Let y(d) = d**3 - 4*d**2 - 3*d - 1. Let g(c) = 24*c - 34. What is the remainder when g(2) is divided by y(5)?
5
Suppose 2*p + 4 = 8. Suppose -4*d = 2*k + 30, k + 23 = -d - p*d. Let i(r) = r**2 + 7*r. Calculate the remainder when 29 is divided by i(d).
5
Suppose -4*w + 2 = r - 25, 3*w - 5*r = 26. Let p(d) = -2*d + 23. Let x be p(18). Let c = 17 + x. Calculate the remainder when w is divided by c.
3
Suppose 0*v - 42 = -14*v. Calculate the remainder when v is divided by 2.
1
Suppose -40*y + 30*y = -560. What is the remainder when y is divided by 19?
18
Suppose 2*d = 1044 + 138. Calculate the remainder when d is divided by 33.
30
Suppose -322 = 3*o - 6*o - 5*s, 406 = 4*o - 5*s. What is the remainder when 3 + 0 + o + 2 is divided by 37?
35
Calculate the remainder when (-1550)/(-4) + 33/(-66) is divided by 14.
9
Suppose -29 = -p + 2*w, -2*p = -3*w - 97 + 36. Let o(m) = m**2 - 7*m + 9. What is the remainder when p is divided by o(7)?
8
Let p(g) = 64*g - 65. Calculate the remainder when p(5) is divided by 68.
51
Suppose -2*f - 11 = -7. Let h(q) = 11*q**2 - q - 2. Let d be h(f). What is the remainder when (-9)/12 - d/(-16) is divided by 1?
0
Suppose g = -1 + 4. Suppose 3*v + 7 = 4*m, -4*m + 2 = g*v - v. Let r = v - -14. What is the remainder when 51 is divided by r?
12
Suppose 1 = 2*t - 3*j, -9*t + 8*t = 4*j - 28. What is the remainder when 79 is divided by t?
7
Let o(p) be the first derivative of p**2 - 27*p + 15. What is the remainder when 57 is divided by o(21)?
12
Let k = 308 + 117. Calculate the remainder when k is divided by 140.
5
Suppose -211 = -9*f - 85. What is the remainder when 166 is divided by f?
12
Let n(j) be the first derivative of -j**4/4 - 7*j**3/3 - 3*j**2 + 3*j + 2. Let i be n(-6). Suppose i = 2*h - 3. Calculate the remainder when 9 is divided by h.
0
Let j be (-15)/(-12)*(-16)/4. Let a(k) = -5*k + 7. What is the remainder when 127 is divided by a(j)?
31
Let l = -351 - -377. What is the remainder when 101 is divided by l?
23
Let w = 2 + 4. Let x be 2005/35 + 2/(-7). Let v = x + -36. What is the remainder when v is divided by w?
3
Suppose 0 = b + 5, 4*q + 4*b = 1696 - 412. Suppose -4*z + q = -2*u, -4*u - 5 = -3*u. Calculate the remainder when z is divided by 10.
9
What is the remainder when (-8)/(-28) + ((-546264)/(-42))/6 is divided by 13?
10
Suppose 85 = 3*y + 10. Suppose 0 = -r + 5*r - 288. Calculate the remainder when r is divided by y.
22
Calculate the remainder when 212 is divided by 18/((-7)/(-3) - 2).
50
Let y(f) = 8*f**2 - 21*f - 43. Let g = -11 + 18. What is the remainder when y(-2) is divided by g?
3
Let j = 945 - 812. Calculate the remainder when j is divided by 80.
53
Suppose 0 = -2*o + 5*o - 5*h - 27, 0 = -4*o - 3*h + 65. Let a be 12/24 - 1/(-2). Let g(s) = 40*s + 1. Calculate the remainder when g(a) is divided by o.
13
Suppose -515 = -d + 4*w, 4*d + 4*w - 3083 = -1123. Suppose 9*s - d = 6*s. Calculate the remainder when s is divided by 21.
18
Let n(j) = j**3 + 14*j**2 + 33*j - 8. What is the remainder when n(-9) is divided by 45?
10
Let y(k) = -7*k + 2. Let l(v) = -v**3 - 4*v**2 + 0*v + 0*v**2 - 7*v**2 + 2 - 4*v. Calculate the remainder when l(-11) is divided by y(-2).
14
Let v = 2 - -3. Suppose 2*m + 3*k + 2*k = 12, v*m + 4*k - 47 = 0. What is the remainder when 20 is divided by m?
9
Let c(n) = -n**2 + 5*n - 2. Suppose -2*k + 14 = -4*m, -m - 2*m = -k + 9. Let d be c(k). Let y(l) = 7*l + 6. What is the remainder when y(d) is divided by 7?
6
Let c = -21 - -36. Suppose -32 = 3*z - 4*g + c, 4*z + 21 = -3*g. Calculate the remainder when (z/2)/((-3)/30) is divided by 16.
13
Suppose -4*v = -3*v. Calculate the remainder when 35 is divided by 19 - v*(-4)/12.
16
Suppose -8 = 2*h, 4*n - h - 38 - 46 = 0. Calculate the remainder when 138 is divided by n.
18
Suppose 8*d - 210 = 710. Calculate the remainder when d is divided by 62.
53
Suppose -5*t + 3*r + 2*r + 415 = 0, -3*t + 2*r + 245 = 0. Calculate the remainder when t is divided by 41.
38
Let r be -1 - (80/4)/4. Let q(v) = -2*v + 11*v + 0*v**2 + 2*v**2 + 9. What is the remainder when 80 is divided by q(r)?
26
Calculate the remainder when (4 - 123/30) + (-1101)/(-10) is divided by 24.
14
Suppose -4*i + 4*u - 83 = -371, -3*i + 5*u = -218. Calculate the remainder when i is divided by 19.
14
Let v(m) = 2*m**3 + 16*m**2 - 19*m + 6. What is the remainder when 268 is divided by v(-9)?
13
Suppose 22*c + 91 = 29*c. Let x be ((-4)/6)/(6/(-45)). Suppose 0*i + 4*y + 5 = -i, 0 = -4*i - x*y + 2. Calculate the remainder when c is divided by i.
1
Calculate the remainder when 633 is divided by (7 - 13)*-3 - (-4)/(-2).
9
Suppose -3*j - 10 + 1 = 0. What is the remainder when -10*((-27)/15 + j) is divided by 10?
8
Let h be 28/(-98) - (-44)/7. Suppose -d = h - 71. Calculate the remainder when d is divided by 17.
14
Let p be (7*32)/4 + (-1 - 1). Suppose -3*u + 114 + p = 0. What is the remainder when 166 is divided by u?
54
Suppose 16 = y + 2*t, 2*y = -3*t + 2*t + 17. Suppose y*m = 2*m + 40. Suppose -2*r - 2 = -m. What is the remainder when 7 is divided by r?
3
Let c = -57 + 22. What is the remainder when (-4)/(0 + 4)*c is divided by 9?
8
Let v(f) = -f**3 + 7*f**2 + 6*f + 7. Let i be v(8). Let b(o) = o**3 - 7*o**2 + 7*o - 10. What is the remainder when b(7) is divided by (-1309)/(-63) - 2/i?
18
Let f(r) = -r**3 - 6*r**2 + 2*r + 5. What is the remainder when f(-7) is divided by 32?
8
Suppose 23*f - 1616 = 178. What is the remainder when f is divided by 20?
18
Let m(s) = -4*s**3 - s - 1. Let q be (5 - 7) + (-2)/6*0. What is the remainder when m(q) is divided by 12?
9
Suppose 4*b = -5*l + 95, 2*l - 5*b + b - 66 = 0. Calculate the remainder when 343 is divided by l.
21
Let o be -1 - 12/(-4) - -16. Suppose -3*y = -0*q + 5*q + o, 4*y - 11 = 5*q. What is the remainder when 30 is divided by y - -12 - (1 - -2)?
6
Let z = -94 - -103. Let x be (-4)/(-22) + (-414)/(-22). Let p = x + z. Calculate the remainder when p is divided by 8.
4
Suppose -64*m + 29*m = -11480. Calculate the remainder when m is divided by 55.
53
Suppose -2*t - 6 = 0, -5*x + 2*t + 59 = -162. Suppose -s = 3*s + 4*z - 72, 5*z = 2*s - x. Calculate the remainder when s is divided by 11.
8
Let a(b) = -2 + b - 4 + b**2 + 6 + 4. Calculate the remainder when a(4) is divided by 15.
9
Let z(p) = -p**3 + 3*p**2 - p - 1. Let u be z(1). Suppose u*h = -3*v - 4*h + 38, -3*v - h = -41. Calculate the remainder when 37 is divided by v.
9
Let i = 168 + -157. Calculate the remainder when 25 is divided by i.
3
Let l(p) = -p**3 + 5*p**2 + 2*p - 3. Let a be (-2)/(-3) + (-208)/(-48). What is the remainder when 26 is divided by l(a)?
5
Let u be 2/9 + 4/(-18). Suppose -24 = -u*g - 2*g. Calculate the remainder when g is divided by 5.
2
Suppose -2*v - 10 = -5*p + 7, -5*p + 25 = 0. Suppose v*d = -5*i + 56, -2*i + 5*d + 29 = -0*d. Calculate the remainder when 21 is divided by i.
9
Let v(a) be the second derivative of -7*a**3/6 - 5*a**2 + 17*a. What is the remainder when 71 is divided by v(-4)?
17
Suppose 3*t + 0*t = 3*z + 6, 4*z + 4*t + 8 = 0. Suppose -6*b - 5*g + 61 = -3*b, b = 5*g - 13. Calculate the remainder when b is divided by z*(-7)/6*3.
5
Suppose b - 110 = 2*c + 2*c, 3*b + 3*c = 270. Suppose 0 = w + 2*z - 43, -b - 60 = -4*w - 2*z. What is the remainder when w is divided by 3/4*24 - 8?
7
Suppose 28 = u + u. Suppose -r + 52 = -2*x +